 and 2244169.
2297
Calculate the highest common factor of 2173705 and 7276.
1819
What is the greatest common factor of 253 and 1859?
11
What is the greatest common factor of 828 and 2114298?
414
Calculate the highest common divisor of 21340 and 4753.
97
Calculate the highest common factor of 46240 and 800.
160
What is the highest common factor of 2074086 and 1736?
434
Calculate the greatest common divisor of 25 and 1672075.
25
What is the greatest common divisor of 30297 and 543?
3
Calculate the greatest common divisor of 974661 and 4437.
1479
What is the greatest common divisor of 656 and 7913?
41
What is the greatest common factor of 119 and 511?
7
Calculate the highest common factor of 86493 and 99.
33
Calculate the greatest common divisor of 836 and 620730.
418
Calculate the greatest common factor of 35 and 111727.
7
Calculate the highest common divisor of 23040 and 1320.
120
What is the highest common divisor of 21376 and 368?
16
Calculate the highest common divisor of 16 and 160408.
8
What is the highest common factor of 15 and 89280?
15
Calculate the highest common factor of 9 and 359.
1
Calculate the greatest common divisor of 308 and 468314.
154
What is the highest common factor of 582 and 1104442?
194
Calculate the greatest common divisor of 566392 and 4648.
664
Calculate the greatest common divisor of 142511 and 166.
83
Calculate the greatest common factor of 14513 and 184.
23
Calculate the greatest common divisor of 21 and 4833.
3
Calculate the greatest common factor of 1081253 and 23.
23
Calculate the greatest common factor of 339 and 36.
3
What is the highest common divisor of 1048410 and 132?
66
What is the greatest common factor of 4 and 93580?
4
Calculate the highest common factor of 60867 and 1.
1
What is the greatest common divisor of 2660 and 51380?
140
Calculate the highest common divisor of 137532 and 12.
12
Calculate the greatest common factor of 4681 and 93.
31
Calculate the highest common factor of 285 and 186105.
285
Calculate the greatest common factor of 2550 and 68.
34
Calculate the greatest common factor of 49275 and 100.
25
What is the highest common divisor of 5808 and 10736?
176
What is the highest common divisor of 318 and 333582?
318
What is the greatest common factor of 41 and 48872?
41
Calculate the highest common divisor of 238 and 65178.
34
Calculate the greatest common divisor of 306 and 789633.
153
Calculate the highest common factor of 23195 and 20.
5
What is the greatest common factor of 18024397 and 859?
859
What is the greatest common divisor of 6 and 17508?
6
Calculate the highest common factor of 29448 and 108.
36
Calculate the greatest common divisor of 194161 and 7432.
929
What is the highest common factor of 7344 and 2312?
136
Calculate the greatest common factor of 405101 and 7076.
1769
Calculate the greatest common divisor of 25143 and 1156.
289
What is the highest common factor of 4696 and 100?
4
Calculate the greatest common divisor of 23584 and 363.
11
What is the greatest common factor of 332 and 27?
1
What is the greatest common factor of 910 and 11060?
70
What is the greatest common divisor of 2982 and 6328?
14
Calculate the greatest common divisor of 10216 and 5272.
8
Calculate the greatest common divisor of 2165972 and 4396.
628
What is the highest common divisor of 1696745 and 685?
685
What is the greatest common factor of 96 and 225444?
12
Calculate the highest common factor of 80688 and 1230.
246
What is the highest common factor of 16274 and 1957?
103
What is the highest common divisor of 21126 and 336?
42
Calculate the highest common factor of 352628 and 443.
443
What is the greatest common divisor of 4275 and 855?
855
What is the highest common factor of 42 and 29841?
21
Calculate the greatest common factor of 566 and 234.
2
What is the greatest common divisor of 639 and 32021?
71
Calculate the greatest common factor of 176 and 39908.
44
What is the highest common divisor of 39184 and 558?
62
Calculate the greatest common divisor of 31510 and 40.
10
What is the highest common factor of 721329 and 4116?
1029
What is the greatest common factor of 4042 and 94?
94
Calculate the highest common factor of 140842 and 338.
26
What is the greatest common divisor of 1998 and 276?
6
What is the highest common divisor of 813 and 218697?
813
Calculate the greatest common factor of 3214926 and 66.
66
Calculate the highest common divisor of 125 and 5385.
5
What is the highest common divisor of 15 and 531963?
3
What is the highest common divisor of 13774 and 6958?
142
Calculate the highest common divisor of 34 and 10441502.
34
What is the highest common divisor of 33 and 119031?
33
What is the highest common factor of 3000 and 214950?
150
Calculate the greatest common divisor of 243030 and 240.
30
Calculate the highest common factor of 1075 and 155660.
215
Calculate the greatest common factor of 4972 and 1628.
44
What is the highest common divisor of 17947 and 393?
131
Calculate the greatest common divisor of 5453 and 538986.
287
Calculate the highest common factor of 863624 and 984.
328
What is the greatest common divisor of 2028 and 144?
12
Calculate the greatest common factor of 6650 and 400.
50
What is the greatest common factor of 2214 and 189174?
246
Calculate the greatest common factor of 2916 and 2304.
36
What is the greatest common divisor of 326 and 393971?
163
What is the greatest common divisor of 400 and 3650?
50
What is the highest common divisor of 80760 and 2760?
120
What is the greatest common divisor of 268201 and 536?
67
What is the greatest common factor of 101140 and 3640?
260
Calculate the greatest common factor of 21545 and 10385.
155
Calculate the highest common divisor of 63048 and 7384.
568
What is the greatest common divisor of 128348 and 187?
11
Calculate the highest common divisor of 555 and 4682165.
185
What is the greatest common divisor of 9 and 225522?
9
What is the highest common divisor of 100914 and 23958?
726
Calculate the greatest common factor of 972 and 1536.
12
What is the greatest common factor of 1960 and 573790?
490
Calculate the greatest common divisor of 36 and 148194.
18
What is the highest common divisor of 649 and 1331?
11
What is the greatest common divisor of 108 and 61284?
12
What is the greatest common factor of 2660041 and 111?
37
Calculate the greatest common divisor of 43030 and 78.
26
Calculate the highest common factor of 1825 and 20440.
365
What is the highest common divisor of 726 and 18029?
121
What is the highest common divisor of 44880 and 1275?
255
Calculate the highest common divisor of 2206096 and 519.
173
Calculate the highest common factor of 352 and 326016.
32
Calculate the greatest common factor of 565 and 29380.
565
What is the highest common factor of 170023 and 2270?
227
Calculate the highest common divisor of 64683 and 27.
9
Calculate the highest common factor of 1658 and 1090.
2
What is the greatest common factor of 1580 and 158948?
316
Calculate the greatest common factor of 5497 and 4807.
23
What is the highest common factor of 52 and 54548?
52
Calculate the greatest common factor of 1820 and 5698.
14
What is the highest common factor of 212 and 52417?
53
What is the greatest common divisor of 73051 and 58?
29
What is the highest common factor of 2944 and 189704?
184
What is the greatest common divisor of 315 and 1239795?
45
Calculate the highest common factor of 428 and 834172.
428
Calculate the greatest common factor of 98203 and 91.
7
What is the highest common factor of 12826 and 488554?
1166
What is the greatest common divisor of 448 and 1400?
56
Calculate the greatest common factor of 8092922 and 124.
62
Calculate the greatest common factor of 432 and 1488.
48
Calculate the highest common divisor of 3340586 and 1714.
1714
Calculate the greatest common factor of 208 and 262.
2
Calculate the greatest common factor of 170680 and 1020.
340
What is the highest common factor of 1139 and 5542?
17
Calculate the highest common divisor of 671 and 1084885.
61
What is the highest common divisor of 3100 and 806?
62
What is the greatest common divisor of 106122 and 9246?
138
Calculate the greatest common divisor of 2032 and 121793.
127
Calculate the greatest common factor of 237 and 1959.
3
What is the greatest common divi